Last updated on 2019-05-01 01:51:38 CEST.
Flavor | Version | Tinstall | Tcheck | Ttotal | Status | Flags |
---|---|---|---|---|---|---|
r-devel-linux-x86_64-debian-clang | 0.1.5 | 9.96 | 80.39 | 90.35 | OK | |
r-devel-linux-x86_64-debian-gcc | 0.1.5 | 8.16 | 62.96 | 71.12 | OK | |
r-devel-linux-x86_64-fedora-clang | 0.1.5 | 105.95 | NOTE | |||
r-devel-linux-x86_64-fedora-gcc | 0.1.5 | 122.02 | NOTE | |||
r-patched-linux-x86_64 | 0.1.5 | 9.90 | 78.81 | 88.71 | OK | |
r-patched-solaris-x86 | 0.1.5 | 166.30 | NOTE | |||
r-release-linux-x86_64 | 0.1.5 | 8.59 | 79.42 | 88.01 | OK | |
r-release-windows-ix86+x86_64 | 0.1.5 | 40.00 | 133.00 | 173.00 | OK | |
r-release-osx-x86_64 | 0.1.5 | NOTE | ||||
r-oldrel-windows-ix86+x86_64 | 0.1.5 | 23.00 | 137.00 | 160.00 | OK | |
r-oldrel-osx-x86_64 | 0.1.5 | NOTE |
Version: 0.1.5
Check: dependencies in R code
Result: NOTE
Namespaces in Imports field not imported from:
‘shinytest’ ‘testthat’
All declared Imports should be used.
Flavors: r-devel-linux-x86_64-fedora-clang, r-devel-linux-x86_64-fedora-gcc, r-patched-solaris-x86, r-release-osx-x86_64, r-oldrel-osx-x86_64