Last updated on 2019-05-01 01:51:39 CEST.
Flavor | Version | Tinstall | Tcheck | Ttotal | Status | Flags |
---|---|---|---|---|---|---|
r-devel-linux-x86_64-debian-clang | 0.2.2 | 1.68 | 22.28 | 23.96 | OK | |
r-devel-linux-x86_64-debian-gcc | 0.2.2 | 1.52 | 18.24 | 19.76 | OK | |
r-devel-linux-x86_64-fedora-clang | 0.2.2 | 29.45 | OK | |||
r-devel-linux-x86_64-fedora-gcc | 0.2.2 | 28.40 | OK | |||
r-patched-linux-x86_64 | 0.2.2 | 1.73 | 22.49 | 24.22 | OK | |
r-patched-solaris-x86 | 0.2.2 | 42.00 | NOTE | |||
r-release-linux-x86_64 | 0.2.2 | 1.82 | 22.75 | 24.57 | OK | |
r-release-windows-ix86+x86_64 | 0.2.2 | 5.00 | 83.00 | 88.00 | OK | |
r-release-osx-x86_64 | 0.2.2 | NOTE | ||||
r-oldrel-windows-ix86+x86_64 | 0.2.2 | 4.00 | 42.00 | 46.00 | OK | |
r-oldrel-osx-x86_64 | 0.2.2 | NOTE |
Version: 0.2.2
Check: package dependencies
Result: NOTE
Package suggested but not available for checking: ‘IHW’
Flavors: r-patched-solaris-x86, r-release-osx-x86_64, r-oldrel-osx-x86_64