CRAN Package Check Results for Package CRFCSD

Last updated on 2019-05-01 01:51:42 CEST.

Flavor Version Tinstall Tcheck Ttotal Status Flags
r-devel-linux-x86_64-debian-clang 1.0 40.86 46.26 87.12 OK
r-devel-linux-x86_64-debian-gcc 1.0 31.50 37.86 69.36 OK
r-devel-linux-x86_64-fedora-clang 1.0 118.92 OK
r-devel-linux-x86_64-fedora-gcc 1.0 107.38 OK
r-patched-linux-x86_64 1.0 33.63 34.05 67.68 ERROR
r-patched-solaris-x86 1.0 128.70 OK
r-release-linux-x86_64 1.0 37.02 47.88 84.90 OK
r-release-windows-ix86+x86_64 1.0 94.00 124.00 218.00 OK
r-release-osx-x86_64 1.0 OK
r-oldrel-windows-ix86+x86_64 1.0 90.00 123.00 213.00 OK
r-oldrel-osx-x86_64 1.0 OK

Additional issues

valgrind

Check Details

Version: 1.0
Check: examples
Result: ERROR
    Running examples in ‘CRFCSD-Ex.R’ failed
    The error most likely occurred in:
    
    > base::assign(".ptime", proc.time(), pos = "CheckExEnv")
    > ### Name: CSDfit
    > ### Title: Analysing clustered current status data
    > ### Aliases: CSDfit
    >
    > ### ** Examples
    >
    > data(PD)
    > PDfit=CSDfit(PD,3,1,0,n_quad=10)
    Error in solve.default(Informationmatrix, tol = 1e-25) :
     system is computationally singular: reciprocal condition number = 0
    Calls: CSDfit ... .AICcomputepenpara -> diag -> solve -> solve.default
    Execution halted
Flavor: r-patched-linux-x86_64