Last updated on 2019-05-01 01:51:40 CEST.
Flavor | Version | Tinstall | Tcheck | Ttotal | Status | Flags |
---|---|---|---|---|---|---|
r-devel-linux-x86_64-debian-clang | 1.1.1 | 2.82 | 20.96 | 23.78 | OK | |
r-devel-linux-x86_64-debian-gcc | 1.1.1 | 2.38 | 17.31 | 19.69 | OK | |
r-devel-linux-x86_64-fedora-clang | 1.1.1 | 30.25 | OK | |||
r-devel-linux-x86_64-fedora-gcc | 1.1.1 | 27.41 | OK | |||
r-patched-linux-x86_64 | 1.1.1 | 2.65 | 21.09 | 23.74 | OK | |
r-patched-solaris-x86 | 1.1.1 | 62.30 | OK | |||
r-release-linux-x86_64 | 1.1.1 | 2.61 | 21.33 | 23.94 | OK | |
r-release-windows-ix86+x86_64 | 1.1.1 | 11.00 | 57.00 | 68.00 | OK | |
r-release-osx-x86_64 | 1.1.1 | NOTE | ||||
r-oldrel-windows-ix86+x86_64 | 1.1.1 | 10.00 | 58.00 | 68.00 | OK | |
r-oldrel-osx-x86_64 | 1.1.1 | NOTE |
Version: 1.1.1
Check: package dependencies
Result: NOTE
Package suggested but not available for checking: ‘Rmpi’
Flavors: r-release-osx-x86_64, r-oldrel-osx-x86_64