CRAN Package Check Results for Package CongreveLamsdell2016

Last updated on 2019-05-01 01:51:41 CEST.

Flavor Version Tinstall Tcheck Ttotal Status Flags
r-devel-linux-x86_64-debian-clang 1.0.1 3.59 255.07 258.66 OK
r-devel-linux-x86_64-debian-gcc 1.0.1 2.63 201.32 203.95 OK
r-devel-linux-x86_64-fedora-clang 1.0.1 338.38 NOTE
r-devel-linux-x86_64-fedora-gcc 1.0.1 314.15 OK
r-patched-linux-x86_64 1.0.1 3.30 253.97 257.27 OK
r-patched-solaris-x86 1.0.1 212.90 NOTE
r-release-linux-x86_64 1.0.1 3.62 254.83 258.45 OK
r-release-windows-ix86+x86_64 1.0.1 10.00 249.00 259.00 NOTE
r-release-osx-x86_64 1.0.1 NOTE
r-oldrel-windows-ix86+x86_64 1.0.1 8.00 235.00 243.00 NOTE
r-oldrel-osx-x86_64 1.0.1 NOTE

Check Details

Version: 1.0.1
Check: installed package size
Result: NOTE
     installed size is 5.4Mb
     sub-directories of 1Mb or more:
     doc 4.5Mb
Flavors: r-devel-linux-x86_64-fedora-clang, r-patched-solaris-x86, r-release-windows-ix86+x86_64, r-release-osx-x86_64, r-oldrel-windows-ix86+x86_64, r-oldrel-osx-x86_64