Last updated on 2019-05-01 01:51:42 CEST.
Flavor | Version | Tinstall | Tcheck | Ttotal | Status | Flags |
---|---|---|---|---|---|---|
r-devel-linux-x86_64-debian-clang | 1.2.8 | 284.83 | 92.95 | 377.78 | OK | |
r-devel-linux-x86_64-debian-gcc | 1.2.8 | 247.26 | 76.27 | 323.53 | OK | |
r-devel-linux-x86_64-fedora-clang | 1.2.8 | 612.22 | NOTE | |||
r-devel-linux-x86_64-fedora-gcc | 1.2.8 | 536.39 | OK | |||
r-patched-linux-x86_64 | 1.2.8 | 280.19 | 97.45 | 377.64 | OK | |
r-patched-solaris-x86 | 1.2.8 | 498.10 | OK | |||
r-release-linux-x86_64 | 1.2.8 | 292.82 | 96.33 | 389.15 | OK | |
r-release-windows-ix86+x86_64 | 1.2.8 | 631.00 | 189.00 | 820.00 | OK | |
r-release-osx-x86_64 | 1.2.8 | NOTE | ||||
r-oldrel-windows-ix86+x86_64 | 1.2.8 | 650.00 | 179.00 | 829.00 | OK | |
r-oldrel-osx-x86_64 | 1.2.8 | NOTE |
Version: 1.2.8
Check: installed package size
Result: NOTE
installed size is 26.6Mb
sub-directories of 1Mb or more:
libs 26.1Mb
Flavors: r-devel-linux-x86_64-fedora-clang, r-release-osx-x86_64, r-oldrel-osx-x86_64