CRAN Package Check Results for Package DALY

Last updated on 2019-05-01 01:51:42 CEST.

Flavor Version Tinstall Tcheck Ttotal Status Flags
r-devel-linux-x86_64-debian-clang 1.5.0 7.65 39.55 47.20 OK
r-devel-linux-x86_64-debian-gcc 1.5.0 5.83 32.57 38.40 OK
r-devel-linux-x86_64-fedora-clang 1.5.0 65.38 NOTE
r-devel-linux-x86_64-fedora-gcc 1.5.0 57.23 NOTE
r-patched-linux-x86_64 1.5.0 6.87 40.44 47.31 OK
r-patched-solaris-x86 1.5.0 80.40 OK
r-release-linux-x86_64 1.5.0 7.01 40.44 47.45 OK
r-release-windows-ix86+x86_64 1.5.0 21.00 73.00 94.00 OK
r-release-osx-x86_64 1.5.0 OK
r-oldrel-windows-ix86+x86_64 1.5.0 12.00 52.00 64.00 OK
r-oldrel-osx-x86_64 1.5.0 OK

Check Details

Version: 1.5.0
Check: compiled code
Result: NOTE
    File ‘DALY/libs/DALY.so’:
     Found no calls to: ‘R_registerRoutines’, ‘R_useDynamicSymbols’
    
    It is good practice to register native routines and to disable symbol
    search.
    
    See ‘Writing portable packages’ in the ‘Writing R Extensions’ manual.
Flavors: r-devel-linux-x86_64-fedora-clang, r-devel-linux-x86_64-fedora-gcc