Last updated on 2019-05-01 01:51:43 CEST.
Flavor | Version | Tinstall | Tcheck | Ttotal | Status | Flags |
---|---|---|---|---|---|---|
r-devel-linux-x86_64-debian-clang | 1.0.1 | 22.89 | 188.78 | 211.67 | OK | |
r-devel-linux-x86_64-debian-gcc | 1.0.1 | 21.12 | 146.78 | 167.90 | OK | |
r-devel-linux-x86_64-fedora-clang | 1.0.1 | 261.16 | NOTE | |||
r-devel-linux-x86_64-fedora-gcc | 1.0.1 | 233.53 | NOTE | |||
r-patched-linux-x86_64 | 1.0.1 | 20.24 | 189.53 | 209.77 | OK | |
r-patched-solaris-x86 | 1.0.1 | 311.80 | NOTE | |||
r-release-linux-x86_64 | 1.0.1 | 23.60 | 190.17 | 213.77 | OK | |
r-release-windows-ix86+x86_64 | 1.0.1 | 37.00 | 311.00 | 348.00 | OK | |
r-release-osx-x86_64 | 1.0.1 | NOTE | ||||
r-oldrel-windows-ix86+x86_64 | 1.0.1 | 35.00 | 261.00 | 296.00 | OK | |
r-oldrel-osx-x86_64 | 1.0.1 | NOTE |
Version: 1.0.1
Check: data for non-ASCII characters
Result: NOTE
Note: found 1 marked UTF-8 string
Flavors: r-devel-linux-x86_64-fedora-clang, r-devel-linux-x86_64-fedora-gcc, r-patched-solaris-x86, r-release-osx-x86_64, r-oldrel-osx-x86_64
Version: 1.0.1
Check: package dependencies
Result: NOTE
Package suggested but not available for checking: ‘rsvg’
Flavor: r-patched-solaris-x86
Version: 1.0.1
Check: installed package size
Result: NOTE
installed size is 5.0Mb
sub-directories of 1Mb or more:
htmlwidgets 3.3Mb
Flavor: r-patched-solaris-x86