Last updated on 2019-05-01 01:51:43 CEST.
Flavor | Version | Tinstall | Tcheck | Ttotal | Status | Flags |
---|---|---|---|---|---|---|
r-devel-linux-x86_64-debian-clang | 0.1.2 | 26.65 | 48.77 | 75.42 | OK | |
r-devel-linux-x86_64-debian-gcc | 0.1.2 | 20.84 | 39.08 | 59.92 | OK | |
r-devel-linux-x86_64-fedora-clang | 0.1.2 | 105.35 | NOTE | |||
r-devel-linux-x86_64-fedora-gcc | 0.1.2 | 91.63 | NOTE | |||
r-patched-linux-x86_64 | 0.1.2 | 24.25 | 48.25 | 72.50 | OK | |
r-patched-solaris-x86 | 0.1.2 | 121.90 | OK | |||
r-release-linux-x86_64 | 0.1.2 | 24.75 | 48.63 | 73.38 | OK | |
r-release-windows-ix86+x86_64 | 0.1.2 | 74.00 | 117.00 | 191.00 | OK | |
r-release-osx-x86_64 | 0.1.2 | WARN | ||||
r-oldrel-windows-ix86+x86_64 | 0.1.2 | 69.00 | 108.00 | 177.00 | OK | |
r-oldrel-osx-x86_64 | 0.1.2 | OK |
Version: 0.1.2
Check: compiled code
Result: NOTE
File ‘DiffusionRimp/libs/DiffusionRimp.so’:
Found no calls to: ‘R_registerRoutines’, ‘R_useDynamicSymbols’
It is good practice to register native routines and to disable symbol
search.
See ‘Writing portable packages’ in the ‘Writing R Extensions’ manual.
Flavors: r-devel-linux-x86_64-fedora-clang, r-devel-linux-x86_64-fedora-gcc
Version: 0.1.2
Check: whether package can be installed
Result: WARN
Found the following significant warnings:
Warning: 'rgl_init' failed, running with rgl.useNULL = TRUE
Flavor: r-release-osx-x86_64