Last updated on 2019-05-01 01:51:43 CEST.
Flavor | Version | Tinstall | Tcheck | Ttotal | Status | Flags |
---|---|---|---|---|---|---|
r-devel-linux-x86_64-debian-clang | 1.0.6 | 17.77 | 148.41 | 166.18 | OK | |
r-devel-linux-x86_64-debian-gcc | 1.0.6 | 15.43 | 116.68 | 132.11 | OK | |
r-devel-linux-x86_64-fedora-clang | 1.0.6 | 205.64 | OK | |||
r-devel-linux-x86_64-fedora-gcc | 1.0.6 | 187.21 | OK | |||
r-patched-linux-x86_64 | 1.0.6 | 18.58 | 143.32 | 161.90 | OK | |
r-patched-solaris-x86 | 1.0.6 | 297.80 | OK | |||
r-release-linux-x86_64 | 1.0.6 | 15.37 | 143.12 | 158.49 | OK | |
r-release-windows-ix86+x86_64 | 1.0.6 | 49.00 | 208.00 | 257.00 | OK | |
r-release-osx-x86_64 | 1.0.6 | WARN | ||||
r-oldrel-windows-ix86+x86_64 | 1.0.6 | 34.00 | 199.00 | 233.00 | OK | |
r-oldrel-osx-x86_64 | 1.0.6 | OK |
Version: 1.0.6
Check: whether package can be installed
Result: WARN
Found the following significant warnings:
Warning: 'rgl_init' failed, running with rgl.useNULL = TRUE
Flavor: r-release-osx-x86_64