CRAN Package Check Results for Package Dominance

Last updated on 2019-05-01 01:51:43 CEST.

Flavor Version Tinstall Tcheck Ttotal Status Flags
r-devel-linux-x86_64-debian-clang 1.1.0 4.52 45.00 49.52 OK
r-devel-linux-x86_64-debian-gcc 1.1.0 4.34 35.63 39.97 OK
r-devel-linux-x86_64-fedora-clang 1.1.0 63.02 OK
r-devel-linux-x86_64-fedora-gcc 1.1.0 57.81 OK
r-patched-linux-x86_64 1.1.0 4.79 44.61 49.40 OK
r-patched-solaris-x86 1.1.0 87.30 OK
r-release-linux-x86_64 1.1.0 5.16 44.38 49.54 OK
r-release-windows-ix86+x86_64 1.1.0 14.00 81.00 95.00 OK
r-release-osx-x86_64 1.1.0 OK
r-oldrel-windows-ix86+x86_64 1.1.0 8.00 82.00 90.00 OK
r-oldrel-osx-x86_64 1.1.0 OK

Check Details

Version: 1.1.0
Check: examples
Result: FAIL
    
Flavor: r-release-osx-x86_64