Last updated on 2019-05-01 01:51:44 CEST.
Flavor | Version | Tinstall | Tcheck | Ttotal | Status | Flags |
---|---|---|---|---|---|---|
r-devel-linux-x86_64-debian-clang | 0.1-2 | 24.34 | 27.46 | 51.80 | NOTE | |
r-devel-linux-x86_64-debian-gcc | 0.1-2 | 21.71 | 21.24 | 42.95 | NOTE | |
r-devel-linux-x86_64-fedora-clang | 0.1-2 | 78.57 | NOTE | |||
r-devel-linux-x86_64-fedora-gcc | 0.1-2 | 68.34 | NOTE | |||
r-patched-linux-x86_64 | 0.1-2 | 24.47 | 26.72 | 51.19 | NOTE | |
r-patched-solaris-x86 | 0.1-2 | 84.60 | OK | |||
r-release-linux-x86_64 | 0.1-2 | 24.16 | 27.41 | 51.57 | NOTE | |
r-release-windows-ix86+x86_64 | 0.1-2 | 62.00 | 77.00 | 139.00 | OK | |
r-release-osx-x86_64 | 0.1-2 | OK | ||||
r-oldrel-windows-ix86+x86_64 | 0.1-2 | 64.00 | 61.00 | 125.00 | OK | |
r-oldrel-osx-x86_64 | 0.1-2 | OK |
Version: 0.1-2
Check: use of SHLIB_OPENMP_*FLAGS in Makefiles
Result: NOTE
src/Makevars: SHLIB_OPENMP_CXXFLAGS is included in PKG_CXXFLAGS but not in PKG_LIBS
src/Makevars: SHLIB_OPENMP_CFLAGS is included in PKG_LIBS but linking is by C++
src/Makevars.win: SHLIB_OPENMP_CXXFLAGS is included in PKG_CXXFLAGS but not in PKG_LIBS
src/Makevars.win: SHLIB_OPENMP_CFLAGS is included in PKG_LIBS but linking is by C++
Use of these macros is discussed in sect 1.2.1.1 of 'Writing R
Extensions'. The macros for different languages may differ so the
matching macro must be used in PKG_CXXFLAGS (etc) and match that used
in PKG_LIBS (except for Fortran: see the manual).
Flavors: r-devel-linux-x86_64-debian-clang, r-devel-linux-x86_64-debian-gcc, r-devel-linux-x86_64-fedora-clang, r-devel-linux-x86_64-fedora-gcc, r-patched-linux-x86_64, r-release-linux-x86_64