CRAN Package Check Results for Package ESKNN

Last updated on 2019-05-01 01:51:45 CEST.

Flavor Version Tinstall Tcheck Ttotal Status Flags
r-devel-linux-x86_64-debian-clang 1.0 10.91 86.06 96.97 OK
r-devel-linux-x86_64-debian-gcc 1.0 10.12 67.82 77.94 OK
r-devel-linux-x86_64-fedora-clang 1.0 124.06 OK
r-devel-linux-x86_64-fedora-gcc 1.0 111.47 OK
r-patched-linux-x86_64 1.0 10.18 83.87 94.05 OK
r-patched-solaris-x86 1.0 184.50 OK
r-release-linux-x86_64 1.0 10.10 83.90 94.00 OK
r-release-windows-ix86+x86_64 1.0 31.00 136.00 167.00 OK
r-release-osx-x86_64 1.0 OK
r-oldrel-windows-ix86+x86_64 1.0 22.00 129.00 151.00 ERROR
r-oldrel-osx-x86_64 1.0 OK

Check Details

Version: 1.0
Check: whether package can be installed
Result: ERROR
    Installation failed.
Flavor: r-oldrel-windows-ix86+x86_64