CRAN Package Check Results for Package EW

Last updated on 2019-05-01 01:51:45 CEST.

Flavor Version Tinstall Tcheck Ttotal Status Flags
r-devel-linux-x86_64-debian-clang 1.1 1.37 16.14 17.51 NOTE
r-devel-linux-x86_64-debian-gcc 1.1 1.19 13.60 14.79 NOTE
r-devel-linux-x86_64-fedora-clang 1.1 22.25 NOTE
r-devel-linux-x86_64-fedora-gcc 1.1 20.85 NOTE
r-patched-linux-x86_64 1.1 1.41 16.40 17.81 NOTE
r-patched-solaris-x86 1.1 33.10 NOTE
r-release-linux-x86_64 1.1 1.42 16.11 17.53 NOTE
r-release-windows-ix86+x86_64 1.1 5.00 33.00 38.00 NOTE
r-release-osx-x86_64 1.1 NOTE
r-oldrel-windows-ix86+x86_64 1.1 2.00 26.00 28.00 NOTE
r-oldrel-osx-x86_64 1.1 NOTE

Check Details

Version: 1.1
Check: R code for possible problems
Result: NOTE
    EW : PhiP : Phi: no visible global function definition for 'pnorm'
    EWplot: no visible global function definition for 'plot'
    Undefined global functions or variables:
     plot pnorm
    Consider adding
     importFrom("graphics", "plot")
     importFrom("stats", "pnorm")
    to your NAMESPACE file.
Flavors: r-devel-linux-x86_64-debian-clang, r-devel-linux-x86_64-debian-gcc, r-devel-linux-x86_64-fedora-clang, r-devel-linux-x86_64-fedora-gcc, r-patched-linux-x86_64, r-patched-solaris-x86, r-release-linux-x86_64, r-release-windows-ix86+x86_64, r-release-osx-x86_64, r-oldrel-windows-ix86+x86_64, r-oldrel-osx-x86_64