Last updated on 2019-05-01 01:51:45 CEST.
Flavor | Version | Tinstall | Tcheck | Ttotal | Status | Flags |
---|---|---|---|---|---|---|
r-devel-linux-x86_64-debian-clang | 0.1-2 | 2.46 | 23.89 | 26.35 | NOTE | |
r-devel-linux-x86_64-debian-gcc | 0.1-2 | 2.46 | 19.64 | 22.10 | NOTE | |
r-devel-linux-x86_64-fedora-clang | 0.1-2 | 32.94 | NOTE | |||
r-devel-linux-x86_64-fedora-gcc | 0.1-2 | 31.55 | NOTE | |||
r-patched-linux-x86_64 | 0.1-2 | 2.66 | 23.95 | 26.61 | NOTE | |
r-patched-solaris-x86 | 0.1-2 | 48.30 | NOTE | |||
r-release-linux-x86_64 | 0.1-2 | 2.84 | 24.08 | 26.92 | NOTE | |
r-release-windows-ix86+x86_64 | 0.1-2 | 10.00 | 50.00 | 60.00 | NOTE | |
r-release-osx-x86_64 | 0.1-2 | NOTE | ||||
r-oldrel-windows-ix86+x86_64 | 0.1-2 | 4.00 | 35.00 | 39.00 | NOTE | |
r-oldrel-osx-x86_64 | 0.1-2 | NOTE |
Version: 0.1-2
Check: DESCRIPTION meta-information
Result: NOTE
Malformed Description field: should contain one or more complete sentences.
Flavors: r-devel-linux-x86_64-debian-clang, r-devel-linux-x86_64-debian-gcc, r-devel-linux-x86_64-fedora-clang, r-devel-linux-x86_64-fedora-gcc, r-patched-linux-x86_64, r-patched-solaris-x86, r-release-linux-x86_64, r-release-windows-ix86+x86_64, r-release-osx-x86_64, r-oldrel-windows-ix86+x86_64, r-oldrel-osx-x86_64
Version: 0.1-2
Check: R code for possible problems
Result: NOTE
powerSet : <anonymous>: no visible global function definition for
'combn'
Undefined global functions or variables:
combn
Consider adding
importFrom("utils", "combn")
to your NAMESPACE file.
Flavors: r-devel-linux-x86_64-debian-clang, r-devel-linux-x86_64-debian-gcc, r-devel-linux-x86_64-fedora-clang, r-devel-linux-x86_64-fedora-gcc, r-patched-linux-x86_64, r-patched-solaris-x86, r-release-linux-x86_64, r-release-windows-ix86+x86_64, r-release-osx-x86_64, r-oldrel-windows-ix86+x86_64, r-oldrel-osx-x86_64