Last updated on 2019-05-01 01:51:45 CEST.
Flavor | Version | Tinstall | Tcheck | Ttotal | Status | Flags |
---|---|---|---|---|---|---|
r-devel-linux-x86_64-debian-clang | 1.1 | 22.27 | 28.98 | 51.25 | OK | |
r-devel-linux-x86_64-debian-gcc | 1.1 | 15.96 | 23.62 | 39.58 | OK | |
r-devel-linux-x86_64-fedora-clang | 1.1 | 74.56 | NOTE | |||
r-devel-linux-x86_64-fedora-gcc | 1.1 | 63.92 | NOTE | |||
r-patched-linux-x86_64 | 1.1 | 21.77 | 28.79 | 50.56 | OK | |
r-patched-solaris-x86 | 1.1 | 87.20 | OK | |||
r-release-linux-x86_64 | 1.1 | 21.10 | 29.00 | 50.10 | OK | |
r-release-windows-ix86+x86_64 | 1.1 | 56.00 | 85.00 | 141.00 | NOTE | |
r-release-osx-x86_64 | 1.1 | NOTE | ||||
r-oldrel-windows-ix86+x86_64 | 1.1 | 58.00 | 55.00 | 113.00 | NOTE | |
r-oldrel-osx-x86_64 | 1.1 | NOTE |
Version: 1.1
Check: installed package size
Result: NOTE
installed size is 5.4Mb
sub-directories of 1Mb or more:
data 3.5Mb
libs 1.7Mb
Flavors: r-devel-linux-x86_64-fedora-clang, r-release-windows-ix86+x86_64, r-release-osx-x86_64, r-oldrel-windows-ix86+x86_64, r-oldrel-osx-x86_64
Version: 1.1
Check: compiled code
Result: NOTE
File ‘FBFsearch/libs/FBFsearch.so’:
Found no calls to: ‘R_registerRoutines’, ‘R_useDynamicSymbols’
It is good practice to register native routines and to disable symbol
search.
See ‘Writing portable packages’ in the ‘Writing R Extensions’ manual.
Flavors: r-devel-linux-x86_64-fedora-clang, r-devel-linux-x86_64-fedora-gcc