CRAN Package Check Results for Package FastGaSP

Last updated on 2019-05-01 01:51:45 CEST.

Flavor Version Tinstall Tcheck Ttotal Status Flags
r-devel-linux-x86_64-debian-clang 0.5.1 32.15 29.80 61.95 OK
r-devel-linux-x86_64-debian-gcc 0.5.1 28.30 23.45 51.75 OK
r-devel-linux-x86_64-fedora-clang 0.5.1 92.79 NOTE
r-devel-linux-x86_64-fedora-gcc 0.5.1 79.01 NOTE
r-patched-linux-x86_64 0.5.1 34.55 28.70 63.25 OK
r-patched-solaris-x86 0.5.1 95.70 NOTE
r-release-linux-x86_64 0.5.1 28.85 30.69 59.54 OK
r-release-windows-ix86+x86_64 0.5.1 73.00 88.00 161.00 OK
r-release-osx-x86_64 0.5.1 NOTE
r-oldrel-windows-ix86+x86_64 0.5.1 73.00 69.00 142.00 OK
r-oldrel-osx-x86_64 0.5.1 NOTE

Check Details

Version: 0.5.1
Check: installed package size
Result: NOTE
     installed size is 7.5Mb
     sub-directories of 1Mb or more:
     libs 7.2Mb
Flavors: r-devel-linux-x86_64-fedora-clang, r-release-osx-x86_64, r-oldrel-osx-x86_64

Version: 0.5.1
Check: dependencies in R code
Result: NOTE
    Namespace in Imports field not imported from: ‘RobustGaSP’
     All declared Imports should be used.
Flavors: r-devel-linux-x86_64-fedora-clang, r-devel-linux-x86_64-fedora-gcc, r-patched-solaris-x86, r-release-osx-x86_64, r-oldrel-osx-x86_64