Last updated on 2019-05-01 01:51:45 CEST.
Flavor | Version | Tinstall | Tcheck | Ttotal | Status | Flags |
---|---|---|---|---|---|---|
r-devel-linux-x86_64-debian-clang | 0.9.5 | 8.80 | 65.93 | 74.73 | OK | |
r-devel-linux-x86_64-debian-gcc | 0.9.5 | 7.32 | 52.36 | 59.68 | OK | |
r-devel-linux-x86_64-fedora-clang | 0.9.5 | 94.60 | OK | |||
r-devel-linux-x86_64-fedora-gcc | 0.9.5 | 86.94 | OK | |||
r-patched-linux-x86_64 | 0.9.5 | 8.94 | 64.15 | 73.09 | OK | |
r-patched-solaris-x86 | 0.9.5 | 138.60 | OK | |||
r-release-linux-x86_64 | 0.9.5 | 9.05 | 66.34 | 75.39 | OK | |
r-release-windows-ix86+x86_64 | 0.9.5 | 16.00 | 76.00 | 92.00 | OK | |
r-release-osx-x86_64 | 0.9.5 | FAIL | ||||
r-oldrel-windows-ix86+x86_64 | 0.9.5 | 16.00 | 108.00 | 124.00 | OK | |
r-oldrel-osx-x86_64 | 0.9.5 | OK |
Version: 0.9.5
Check: whether package can be installed
Result: FAIL
Flavor: r-release-osx-x86_64