Last updated on 2019-05-01 01:51:46 CEST.
Flavor | Version | Tinstall | Tcheck | Ttotal | Status | Flags |
---|---|---|---|---|---|---|
r-devel-linux-x86_64-debian-clang | 1.0.3 | 4.26 | 38.27 | 42.53 | NOTE | |
r-devel-linux-x86_64-debian-gcc | 1.0.3 | 3.18 | 30.35 | 33.53 | NOTE | |
r-devel-linux-x86_64-fedora-clang | 1.0.3 | 52.45 | NOTE | |||
r-devel-linux-x86_64-fedora-gcc | 1.0.3 | 48.15 | NOTE | |||
r-patched-linux-x86_64 | 1.0.3 | 4.38 | 37.77 | 42.15 | NOTE | |
r-patched-solaris-x86 | 1.0.3 | 78.60 | NOTE | |||
r-release-linux-x86_64 | 1.0.3 | 4.52 | 38.79 | 43.31 | NOTE | |
r-release-windows-ix86+x86_64 | 1.0.3 | 20.00 | 74.00 | 94.00 | NOTE | |
r-release-osx-x86_64 | 1.0.3 | WARN | ||||
r-oldrel-windows-ix86+x86_64 | 1.0.3 | 11.00 | 55.00 | 66.00 | NOTE | |
r-oldrel-osx-x86_64 | 1.0.3 | NOTE |
Version: 1.0.3
Check: DESCRIPTION meta-information
Result: NOTE
Malformed Description field: should contain one or more complete sentences.
Flavors: r-devel-linux-x86_64-debian-clang, r-devel-linux-x86_64-debian-gcc, r-devel-linux-x86_64-fedora-clang, r-devel-linux-x86_64-fedora-gcc, r-patched-linux-x86_64, r-patched-solaris-x86, r-release-linux-x86_64, r-release-windows-ix86+x86_64, r-release-osx-x86_64, r-oldrel-windows-ix86+x86_64, r-oldrel-osx-x86_64
Version: 1.0.3
Check: R code for possible problems
Result: NOTE
ForImp: no visible global function definition for 'head'
ForImp: no visible global function definition for 'tail'
ForImp: no visible global function definition for 'dist'
medianimp: no visible global function definition for 'quantile'
rancatmat: no visible global function definition for 'runif'
transfmatcat: no visible global function definition for 'qnorm'
transfmatcat: no visible global function definition for 'sd'
Undefined global functions or variables:
dist head qnorm quantile runif sd tail
Consider adding
importFrom("stats", "dist", "qnorm", "quantile", "runif", "sd")
importFrom("utils", "head", "tail")
to your NAMESPACE file.
Flavors: r-devel-linux-x86_64-debian-clang, r-devel-linux-x86_64-debian-gcc, r-devel-linux-x86_64-fedora-clang, r-devel-linux-x86_64-fedora-gcc, r-patched-linux-x86_64, r-patched-solaris-x86, r-release-linux-x86_64, r-release-windows-ix86+x86_64, r-release-osx-x86_64, r-oldrel-windows-ix86+x86_64, r-oldrel-osx-x86_64
Version: 1.0.3
Check: whether package can be installed
Result: WARN
Found the following significant warnings:
Warning: 'rgl_init' failed, running with rgl.useNULL = TRUE
Flavor: r-release-osx-x86_64