CRAN Package Check Results for Package FuzzyToolkitUoN

Last updated on 2019-05-01 01:51:46 CEST.

Flavor Version Tinstall Tcheck Ttotal Status Flags
r-devel-linux-x86_64-debian-clang 1.0 3.16 22.50 25.66 NOTE
r-devel-linux-x86_64-debian-gcc 1.0 2.23 18.24 20.47 NOTE
r-devel-linux-x86_64-fedora-clang 1.0 31.70 NOTE
r-devel-linux-x86_64-fedora-gcc 1.0 28.86 NOTE
r-patched-linux-x86_64 1.0 2.40 22.86 25.26 NOTE
r-patched-solaris-x86 1.0 44.90 NOTE
r-release-linux-x86_64 1.0 2.95 22.53 25.48 NOTE
r-release-windows-ix86+x86_64 1.0 8.00 47.00 55.00 NOTE
r-release-osx-x86_64 1.0 NOTE
r-oldrel-windows-ix86+x86_64 1.0 4.00 33.00 37.00 NOTE
r-oldrel-osx-x86_64 1.0 NOTE

Check Details

Version: 1.0
Check: DESCRIPTION meta-information
Result: NOTE
    NeedsCompilation field must take value 'yes' or 'no'
Flavors: r-devel-linux-x86_64-debian-clang, r-devel-linux-x86_64-debian-gcc, r-devel-linux-x86_64-fedora-clang, r-devel-linux-x86_64-fedora-gcc, r-patched-linux-x86_64, r-patched-solaris-x86, r-release-linux-x86_64, r-release-windows-ix86+x86_64, r-release-osx-x86_64, r-oldrel-windows-ix86+x86_64, r-oldrel-osx-x86_64

Version: 1.0
Check: dependencies in R code
Result: NOTE
    'library' or 'require' call to 'splines' which was already attached by Depends.
     Please remove these calls from your code.
    Package in Depends field not imported from: 'splines'
     These packages need to be imported from (in the NAMESPACE file)
     for when this namespace is loaded but not attached.
Flavors: r-devel-linux-x86_64-debian-clang, r-devel-linux-x86_64-debian-gcc, r-devel-linux-x86_64-fedora-clang, r-devel-linux-x86_64-fedora-gcc, r-patched-linux-x86_64, r-patched-solaris-x86, r-release-linux-x86_64, r-release-windows-ix86+x86_64, r-release-osx-x86_64, r-oldrel-windows-ix86+x86_64, r-oldrel-osx-x86_64

Version: 1.0
Check: R code for possible problems
Result: NOTE
    gensurf: no visible global function definition for 'persp'
    gensurf: no visible global function definition for 'rainbow'
    plotMF: no visible global function definition for 'plot.new'
    plotMF: no visible global function definition for 'plot.window'
    plotMF: no visible global function definition for 'runif'
    plotMF: no visible global function definition for 'predict'
    plotMF: no visible global function definition for 'interpSpline'
    plotMF: no visible global function definition for 'lines'
    plotMF: no visible global function definition for 'text'
    plotMF: no visible global function definition for 'title'
    plotMF: no visible global function definition for 'axis'
    plotMF: no visible global function definition for 'box'
    Undefined global functions or variables:
     axis box interpSpline lines persp plot.new plot.window predict
     rainbow runif text title
    Consider adding
     importFrom("grDevices", "rainbow")
     importFrom("graphics", "axis", "box", "lines", "persp", "plot.new",
     "plot.window", "text", "title")
     importFrom("stats", "predict", "runif")
    to your NAMESPACE file.
Flavors: r-devel-linux-x86_64-debian-clang, r-devel-linux-x86_64-debian-gcc, r-devel-linux-x86_64-fedora-clang, r-devel-linux-x86_64-fedora-gcc, r-patched-linux-x86_64, r-patched-solaris-x86, r-release-linux-x86_64, r-release-windows-ix86+x86_64, r-release-osx-x86_64, r-oldrel-windows-ix86+x86_64, r-oldrel-osx-x86_64

Version: 1.0
Check: Rd line widths
Result: NOTE
    Rd file 'newFIS.Rd':
     \usage lines wider than 90 characters:
     newFIS(FISName, FISType = "mamdani", version = "1.0", andMethod = "min", orMethod = "max", impMethod = "min", aggMethod = "max", defuzz ... [TRUNCATED]
    
    These lines will be truncated in the PDF manual.
Flavors: r-devel-linux-x86_64-debian-clang, r-devel-linux-x86_64-debian-gcc, r-devel-linux-x86_64-fedora-clang, r-devel-linux-x86_64-fedora-gcc, r-patched-linux-x86_64, r-release-linux-x86_64