Last updated on 2019-05-01 01:51:47 CEST.
Flavor | Version | Tinstall | Tcheck | Ttotal | Status | Flags |
---|---|---|---|---|---|---|
r-devel-linux-x86_64-debian-clang | 1.2 | 6.03 | 540.89 | 546.92 | OK | |
r-devel-linux-x86_64-debian-gcc | 1.2 | 4.99 | 375.43 | 380.42 | OK | |
r-devel-linux-x86_64-fedora-clang | 1.2 | 581.30 | NOTE | |||
r-devel-linux-x86_64-fedora-gcc | 1.2 | 567.90 | OK | |||
r-patched-linux-x86_64 | 1.2 | 6.02 | 537.56 | 543.58 | OK | |
r-patched-solaris-x86 | 1.2 | 574.50 | NOTE | |||
r-release-linux-x86_64 | 1.2 | 6.86 | 533.73 | 540.59 | OK | |
r-release-windows-ix86+x86_64 | 1.2 | 16.00 | 131.00 | 147.00 | NOTE | --no-vignettes |
r-release-osx-x86_64 | 1.2 | WARN | ||||
r-oldrel-windows-ix86+x86_64 | 1.2 | 13.00 | 126.00 | 139.00 | NOTE | --no-vignettes |
r-oldrel-osx-x86_64 | 1.2 | WARN |
Version: 1.2
Check: installed package size
Result: NOTE
installed size is 5.7Mb
sub-directories of 1Mb or more:
data 1.5Mb
doc 4.0Mb
Flavors: r-devel-linux-x86_64-fedora-clang, r-patched-solaris-x86, r-release-osx-x86_64, r-oldrel-osx-x86_64
Version: 1.2
Flags: --no-vignettes
Check: installed package size
Result: NOTE
installed size is 5.7Mb
sub-directories of 1Mb or more:
data 1.5Mb
doc 4.0Mb
Flavors: r-release-windows-ix86+x86_64, r-oldrel-windows-ix86+x86_64
Version: 1.2
Check: whether package can be installed
Result: WARN
Found the following significant warnings:
Warning: 'rgl_init' failed, running with rgl.useNULL = TRUE
Flavors: r-release-osx-x86_64, r-oldrel-osx-x86_64