Last updated on 2019-05-01 01:51:48 CEST.
Flavor | Version | Tinstall | Tcheck | Ttotal | Status | Flags |
---|---|---|---|---|---|---|
r-devel-linux-x86_64-debian-clang | 0.1 | 15.01 | 68.93 | 83.94 | OK | |
r-devel-linux-x86_64-debian-gcc | 0.1 | 11.45 | 55.05 | 66.50 | OK | |
r-devel-linux-x86_64-fedora-clang | 0.1 | 98.43 | NOTE | |||
r-devel-linux-x86_64-fedora-gcc | 0.1 | 93.98 | NOTE | |||
r-patched-linux-x86_64 | 0.1 | 15.08 | 69.39 | 84.47 | OK | |
r-patched-solaris-x86 | 0.1 | 143.40 | NOTE | |||
r-release-linux-x86_64 | 0.1 | 13.41 | 71.31 | 84.72 | OK | |
r-release-windows-ix86+x86_64 | 0.1 | 27.00 | 77.00 | 104.00 | OK | |
r-release-osx-x86_64 | 0.1 | ERROR | ||||
r-oldrel-windows-ix86+x86_64 | 0.1 | 20.00 | 98.00 | 118.00 | OK | |
r-oldrel-osx-x86_64 | 0.1 | ERROR |
Version: 0.1
Check: dependencies in R code
Result: NOTE
Namespace in Imports field not imported from: ‘stringr’
All declared Imports should be used.
Flavors: r-devel-linux-x86_64-fedora-clang, r-devel-linux-x86_64-fedora-gcc, r-patched-solaris-x86
Version: 0.1
Check: package dependencies
Result: ERROR
Package required but not available: ‘rpanel’
See section ‘The DESCRIPTION file’ in the ‘Writing R Extensions’
manual.
Flavors: r-release-osx-x86_64, r-oldrel-osx-x86_64