CRAN Package Check Results for Package HRM

Last updated on 2019-05-01 01:51:49 CEST.

Flavor Version Tinstall Tcheck Ttotal Status Flags
r-devel-linux-x86_64-debian-clang 1.0.2 31.69 204.68 236.37 NOTE
r-devel-linux-x86_64-debian-gcc 1.0.2 25.72 196.99 222.71 NOTE
r-devel-linux-x86_64-fedora-clang 1.0.2 259.05 NOTE
r-devel-linux-x86_64-fedora-gcc 1.0.2 250.13 NOTE
r-patched-linux-x86_64 1.0.2 31.81 201.43 233.24 NOTE
r-patched-solaris-x86 1.0.2 352.40 OK
r-release-linux-x86_64 1.0.2 32.55 198.44 230.99 NOTE
r-release-windows-ix86+x86_64 1.0.2 79.00 550.00 629.00 OK
r-release-osx-x86_64 1.0.2 NOTE
r-oldrel-windows-ix86+x86_64 1.0.2 65.00 588.00 653.00 OK
r-oldrel-osx-x86_64 1.0.2 NOTE

Check Details

Version: 1.0.2
Check: package dependencies
Result: NOTE
    Package suggested but not available for checking: 'RGtk2Extras'
Flavors: r-devel-linux-x86_64-debian-clang, r-devel-linux-x86_64-debian-gcc, r-devel-linux-x86_64-fedora-clang, r-devel-linux-x86_64-fedora-gcc, r-patched-linux-x86_64, r-release-linux-x86_64

Version: 1.0.2
Check: package dependencies
Result: NOTE
    Packages suggested but not available for checking:
     'RGtk2', 'cairoDevice', 'RGtk2Extras'
Flavor: r-release-osx-x86_64

Version: 1.0.2
Check: package dependencies
Result: NOTE
    Packages suggested but not available for checking:
     ‘RGtk2’ ‘cairoDevice’ ‘RGtk2Extras’
Flavor: r-oldrel-osx-x86_64