Last updated on 2019-05-01 01:51:49 CEST.
Flavor | Version | Tinstall | Tcheck | Ttotal | Status | Flags |
---|---|---|---|---|---|---|
r-devel-linux-x86_64-debian-clang | 1.1.0 | 4.31 | 20.15 | 24.46 | OK | |
r-devel-linux-x86_64-debian-gcc | 1.1.0 | 2.92 | 16.46 | 19.38 | OK | |
r-devel-linux-x86_64-fedora-clang | 1.1.0 | 29.15 | NOTE | |||
r-devel-linux-x86_64-fedora-gcc | 1.1.0 | 27.41 | NOTE | |||
r-patched-linux-x86_64 | 1.1.0 | 3.71 | 20.39 | 24.10 | OK | |
r-patched-solaris-x86 | 1.1.0 | 43.60 | OK | |||
r-release-linux-x86_64 | 1.1.0 | 3.50 | 20.16 | 23.66 | OK | |
r-release-windows-ix86+x86_64 | 1.1.0 | 21.00 | 45.00 | 66.00 | OK | |
r-release-osx-x86_64 | 1.1.0 | OK | ||||
r-oldrel-windows-ix86+x86_64 | 1.1.0 | 11.00 | 47.00 | 58.00 | OK | |
r-oldrel-osx-x86_64 | 1.1.0 | OK |
Version: 1.1.0
Check: compiled code
Result: NOTE
File ‘HotDeckImputation/libs/HotDeckImputation.so’:
Found no calls to: ‘R_registerRoutines’, ‘R_useDynamicSymbols’
It is good practice to register native routines and to disable symbol
search.
See ‘Writing portable packages’ in the ‘Writing R Extensions’ manual.
Flavors: r-devel-linux-x86_64-fedora-clang, r-devel-linux-x86_64-fedora-gcc