CRAN Package Check Results for Package IMWatson

Last updated on 2019-05-01 01:51:49 CEST.

Flavor Version Tinstall Tcheck Ttotal Status Flags
r-devel-linux-x86_64-debian-clang 0.5.0 2.85 17.97 20.82 OK
r-devel-linux-x86_64-debian-gcc 0.5.0 1.95 14.77 16.72 OK
r-devel-linux-x86_64-fedora-clang 0.5.0 24.99 NOTE
r-devel-linux-x86_64-fedora-gcc 0.5.0 23.72 NOTE
r-patched-linux-x86_64 0.5.0 2.54 18.43 20.97 OK
r-patched-solaris-x86 0.5.0 39.60 NOTE
r-release-linux-x86_64 0.5.0 2.46 18.44 20.90 OK
r-release-windows-ix86+x86_64 0.5.0 7.00 29.00 36.00 OK
r-release-osx-x86_64 0.5.0 NOTE
r-oldrel-windows-ix86+x86_64 0.5.0 5.00 39.00 44.00 OK
r-oldrel-osx-x86_64 0.5.0 NOTE

Check Details

Version: 0.5.0
Check: dependencies in R code
Result: NOTE
    Namespaces in Imports field not imported from:
     ‘R6’ ‘V8’ ‘assertive’ ‘shinydashboard’
     All declared Imports should be used.
Flavors: r-devel-linux-x86_64-fedora-clang, r-devel-linux-x86_64-fedora-gcc, r-patched-solaris-x86, r-release-osx-x86_64, r-oldrel-osx-x86_64