CRAN Package Check Results for Package JAGUAR

Last updated on 2019-05-01 01:51:50 CEST.

Flavor Version Tinstall Tcheck Ttotal Status Flags
r-devel-linux-x86_64-debian-clang 3.0.1 32.97 74.66 107.63 OK
r-devel-linux-x86_64-debian-gcc 3.0.1 27.82 59.65 87.47 OK
r-devel-linux-x86_64-fedora-clang 3.0.1 138.83 NOTE
r-devel-linux-x86_64-fedora-gcc 3.0.1 132.90 NOTE
r-patched-linux-x86_64 3.0.1 36.07 75.06 111.13 OK
r-patched-solaris-x86 3.0.1 190.60 OK
r-release-linux-x86_64 3.0.1 36.23 74.27 110.50 OK
r-release-windows-ix86+x86_64 3.0.1 86.00 190.00 276.00 OK
r-release-osx-x86_64 3.0.1 OK
r-oldrel-windows-ix86+x86_64 3.0.1 79.00 166.00 245.00 OK
r-oldrel-osx-x86_64 3.0.1 OK

Check Details

Version: 3.0.1
Check: compiled code
Result: NOTE
    File ‘JAGUAR/libs/JAGUAR.so’:
     Found no calls to: ‘R_registerRoutines’, ‘R_useDynamicSymbols’
    
    It is good practice to register native routines and to disable symbol
    search.
    
    See ‘Writing portable packages’ in the ‘Writing R Extensions’ manual.
Flavors: r-devel-linux-x86_64-fedora-clang, r-devel-linux-x86_64-fedora-gcc