Last updated on 2019-05-01 01:51:50 CEST.
Flavor | Version | Tinstall | Tcheck | Ttotal | Status | Flags |
---|---|---|---|---|---|---|
r-devel-linux-x86_64-debian-clang | 1.0.0 | 7.17 | 73.56 | 80.73 | OK | |
r-devel-linux-x86_64-debian-gcc | 1.0.0 | 6.52 | 57.96 | 64.48 | OK | |
r-devel-linux-x86_64-fedora-clang | 1.0.0 | 96.05 | OK | |||
r-devel-linux-x86_64-fedora-gcc | 1.0.0 | 92.76 | OK | |||
r-patched-linux-x86_64 | 1.0.0 | 7.18 | 73.26 | 80.44 | OK | |
r-patched-solaris-x86 | 1.0.0 | 142.20 | OK | |||
r-release-linux-x86_64 | 1.0.0 | 8.52 | 73.18 | 81.70 | OK | |
r-release-windows-ix86+x86_64 | 1.0.0 | 27.00 | 105.00 | 132.00 | OK | |
r-release-osx-x86_64 | 1.0.0 | WARN | ||||
r-oldrel-windows-ix86+x86_64 | 1.0.0 | 14.00 | 119.00 | 133.00 | OK | |
r-oldrel-osx-x86_64 | 1.0.0 | OK |
Version: 1.0.0
Check: whether package can be installed
Result: WARN
Found the following significant warnings:
Warning: 'rgl_init' failed, running with rgl.useNULL = TRUE
Flavor: r-release-osx-x86_64