CRAN Package Check Results for Package KraljicMatrix

Last updated on 2019-05-01 01:51:50 CEST.

Flavor Version Tinstall Tcheck Ttotal Status Flags
r-devel-linux-x86_64-debian-clang 0.2.1 4.12 44.70 48.82 OK
r-devel-linux-x86_64-debian-gcc 0.2.1 3.14 35.52 38.66 OK
r-devel-linux-x86_64-fedora-clang 0.2.1 58.48 NOTE
r-devel-linux-x86_64-fedora-gcc 0.2.1 55.64 NOTE
r-patched-linux-x86_64 0.2.1 3.80 43.78 47.58 OK
r-patched-solaris-x86 0.2.1 86.00 NOTE
r-release-linux-x86_64 0.2.1 3.62 43.95 47.57 OK
r-release-windows-ix86+x86_64 0.2.1 13.00 77.00 90.00 OK
r-release-osx-x86_64 0.2.1 NOTE
r-oldrel-windows-ix86+x86_64 0.2.1 7.00 88.00 95.00 OK
r-oldrel-osx-x86_64 0.2.1 NOTE

Check Details

Version: 0.2.1
Check: dependencies in R code
Result: NOTE
    Namespaces in Imports field not imported from:
     ‘dplyr’ ‘tibble’
     All declared Imports should be used.
Flavors: r-devel-linux-x86_64-fedora-clang, r-devel-linux-x86_64-fedora-gcc, r-patched-solaris-x86, r-release-osx-x86_64, r-oldrel-osx-x86_64