Last updated on 2019-05-01 01:51:51 CEST.
Flavor | Version | Tinstall | Tcheck | Ttotal | Status | Flags |
---|---|---|---|---|---|---|
r-devel-linux-x86_64-debian-clang | 0.0.2.19 | 8.08 | 64.29 | 72.37 | OK | |
r-devel-linux-x86_64-debian-gcc | 0.0.2.19 | 7.56 | 50.68 | 58.24 | OK | |
r-devel-linux-x86_64-fedora-clang | 0.0.2.19 | 86.73 | NOTE | |||
r-devel-linux-x86_64-fedora-gcc | 0.0.2.19 | 82.08 | NOTE | |||
r-patched-linux-x86_64 | 0.0.2.19 | 9.13 | 62.80 | 71.93 | OK | |
r-patched-solaris-x86 | 0.0.2.19 | 122.40 | NOTE | |||
r-release-linux-x86_64 | 0.0.2.19 | 9.03 | 63.15 | 72.18 | OK | |
r-release-windows-ix86+x86_64 | 0.0.2.19 | 25.00 | 95.00 | 120.00 | OK | |
r-release-osx-x86_64 | 0.0.2.19 | NOTE | ||||
r-oldrel-windows-ix86+x86_64 | 0.0.2.19 | 15.00 | 100.00 | 115.00 | OK | |
r-oldrel-osx-x86_64 | 0.0.2.19 | NOTE |
Version: 0.0.2.19
Check: data for non-ASCII characters
Result: NOTE
Note: found 109 marked UTF-8 strings
Flavors: r-devel-linux-x86_64-fedora-clang, r-devel-linux-x86_64-fedora-gcc, r-patched-solaris-x86, r-release-osx-x86_64, r-oldrel-osx-x86_64