CRAN Package Check Results for Package LPTime

Last updated on 2019-05-01 01:51:51 CEST.

Flavor Version Tinstall Tcheck Ttotal Status Flags
r-devel-linux-x86_64-debian-clang 1.0-2 1.64 21.11 22.75 NOTE
r-devel-linux-x86_64-debian-gcc 1.0-2 1.34 17.49 18.83 NOTE
r-devel-linux-x86_64-fedora-clang 1.0-2 27.67 NOTE
r-devel-linux-x86_64-fedora-gcc 1.0-2 26.22 NOTE
r-patched-linux-x86_64 1.0-2 1.40 21.15 22.55 NOTE
r-patched-solaris-x86 1.0-2 44.90 NOTE
r-release-linux-x86_64 1.0-2 1.48 21.02 22.50 NOTE
r-release-windows-ix86+x86_64 1.0-2 9.00 47.00 56.00 NOTE
r-release-osx-x86_64 1.0-2 NOTE
r-oldrel-windows-ix86+x86_64 1.0-2 5.00 31.00 36.00 NOTE
r-oldrel-osx-x86_64 1.0-2 NOTE

Check Details

Version: 1.0-2
Check: R code for possible problems
Result: NOTE
    LP.comoment: no visible global function definition for 'cor'
    LP.comoment: no visible global function definition for 'cov'
    LP.moment: no visible global function definition for 'cor'
    LPTrans: no visible global function definition for 'ecdf'
    VAR: no visible global function definition for 'embed'
    VAR: no visible global function definition for 'lm'
    Undefined global functions or variables:
     cor cov ecdf embed lm
    Consider adding
     importFrom("stats", "cor", "cov", "ecdf", "embed", "lm")
    to your NAMESPACE file.
Flavors: r-devel-linux-x86_64-debian-clang, r-devel-linux-x86_64-debian-gcc, r-devel-linux-x86_64-fedora-clang, r-devel-linux-x86_64-fedora-gcc, r-patched-linux-x86_64, r-patched-solaris-x86, r-release-linux-x86_64, r-release-windows-ix86+x86_64, r-release-osx-x86_64, r-oldrel-windows-ix86+x86_64, r-oldrel-osx-x86_64