CRAN Package Check Results for Package MAVE

Last updated on 2019-05-01 01:51:52 CEST.

Flavor Version Tinstall Tcheck Ttotal Status Flags
r-devel-linux-x86_64-debian-clang 1.3.8 9.61 2.65 12.26 ERROR
r-devel-linux-x86_64-debian-gcc 1.3.8 7.46 2.13 9.59 ERROR
r-devel-linux-x86_64-fedora-clang 1.3.8 100.94 ERROR
r-devel-linux-x86_64-fedora-gcc 1.3.8 88.41 ERROR
r-patched-linux-x86_64 1.3.8 9.18 2.67 11.85 ERROR
r-patched-solaris-x86 1.3.8 190.20 OK
r-release-linux-x86_64 1.3.8 9.69 2.59 12.28 ERROR
r-release-windows-ix86+x86_64 1.3.8 185.00 124.00 309.00 OK
r-release-osx-x86_64 1.3.8 OK
r-oldrel-windows-ix86+x86_64 1.3.8 201.00 97.00 298.00 OK
r-oldrel-osx-x86_64 1.3.8 OK

Check Details

Version: 1.3.8
Check: whether package can be installed
Result: ERROR
    Installation failed.
Flavors: r-devel-linux-x86_64-debian-clang, r-devel-linux-x86_64-debian-gcc, r-devel-linux-x86_64-fedora-clang, r-devel-linux-x86_64-fedora-gcc, r-patched-linux-x86_64, r-release-linux-x86_64