Last updated on 2019-05-01 01:51:52 CEST.
Flavor | Version | Tinstall | Tcheck | Ttotal | Status | Flags |
---|---|---|---|---|---|---|
r-devel-linux-x86_64-debian-clang | 1.1 | 13.29 | 140.36 | 153.65 | OK | |
r-devel-linux-x86_64-debian-gcc | 1.1 | 9.84 | 109.22 | 119.06 | OK | |
r-devel-linux-x86_64-fedora-clang | 1.1 | 180.54 | OK | |||
r-devel-linux-x86_64-fedora-gcc | 1.1 | 174.45 | OK | |||
r-patched-linux-x86_64 | 1.1 | 12.79 | 137.51 | 150.30 | OK | |
r-patched-solaris-x86 | 1.1 | 308.90 | OK | |||
r-release-linux-x86_64 | 1.1 | 10.49 | 136.29 | 146.78 | OK | |
r-release-windows-ix86+x86_64 | 1.1 | 49.00 | 219.00 | 268.00 | OK | |
r-release-osx-x86_64 | 1.1 | WARN | ||||
r-oldrel-windows-ix86+x86_64 | 1.1 | 30.00 | 308.00 | 338.00 | OK | |
r-oldrel-osx-x86_64 | 1.1 | WARN |
Version: 1.1
Check: whether package can be installed
Result: WARN
Found the following significant warnings:
Warning: 'rgl_init' failed, running with rgl.useNULL = TRUE
Flavors: r-release-osx-x86_64, r-oldrel-osx-x86_64