CRAN Package Check Results for Package MF

Last updated on 2019-05-01 01:51:53 CEST.

Flavor Version Tinstall Tcheck Ttotal Status Flags
r-devel-linux-x86_64-debian-clang 4.3.2 3.99 33.95 37.94 NOTE
r-devel-linux-x86_64-debian-gcc 4.3.2 3.34 27.15 30.49 NOTE
r-devel-linux-x86_64-fedora-clang 4.3.2 44.80 NOTE
r-devel-linux-x86_64-fedora-gcc 4.3.2 42.64 NOTE
r-patched-linux-x86_64 4.3.2 4.02 34.72 38.74 NOTE
r-patched-solaris-x86 4.3.2 63.20 NOTE
r-release-linux-x86_64 4.3.2 3.87 33.95 37.82 NOTE
r-release-windows-ix86+x86_64 4.3.2 11.00 59.00 70.00 NOTE
r-release-osx-x86_64 4.3.2 NOTE
r-oldrel-windows-ix86+x86_64 4.3.2 7.00 43.00 50.00 NOTE
r-oldrel-osx-x86_64 4.3.2 NOTE

Check Details

Version: 4.3.2
Check: dependencies in R code
Result: NOTE
    Package in Depends field not imported from: 'methods'
     These packages need to be imported from (in the NAMESPACE file)
     for when this namespace is loaded but not attached.
Flavors: r-devel-linux-x86_64-debian-clang, r-devel-linux-x86_64-debian-gcc, r-devel-linux-x86_64-fedora-clang, r-devel-linux-x86_64-fedora-gcc, r-patched-linux-x86_64, r-patched-solaris-x86, r-release-linux-x86_64, r-release-windows-ix86+x86_64, r-release-osx-x86_64, r-oldrel-windows-ix86+x86_64, r-oldrel-osx-x86_64

Version: 4.3.2
Check: R code for possible problems
Result: NOTE
    HLBoot : hl.fn: no visible global function definition for 'median'
    HLBoot: no visible global function definition for 'model.frame'
    HLBoot: no visible global function definition for 'quantile'
    HLBoot: no visible binding for global variable 'quantile'
    HLBoot: no visible global function definition for 'median'
    HLBoot: no visible global function definition for 'qnorm'
    HLBoot: no visible global function definition for 'pnorm'
    MFBoot: no visible global function definition for 'model.frame'
    MFBoot: no visible global function definition for 'quantile'
    MFBoot: no visible global function definition for 'median'
    MFBoot: no visible global function definition for 'qnorm'
    MFBoot: no visible global function definition for 'pnorm'
    MFClusBoot: no visible global function definition for 'quantile'
    MFSubj: no visible global function definition for 'model.frame'
    MFmp: no visible global function definition for 'qt'
    MFmp: no visible global function definition for 'qnorm'
    MFr: no visible global function definition for 'model.frame'
    emp.hpd: no visible global function definition for 'quantile'
    mf: no visible global function definition for 'new'
    mfboot: no visible global function definition for 'new'
    mfbootcluster: no visible global function definition for 'new'
    mfcluster: no visible global function definition for 'new'
    mfcomponents: no visible global function definition for 'new'
    mfhlboot: no visible global function definition for 'new'
    mfmp: no visible global function definition for 'new'
    reshapeCluster: no visible global function definition for 'terms'
    reshapeCluster: no visible global function definition for 'model.frame'
    print,mfcluster: no visible global function definition for 'na.omit'
    Undefined global functions or variables:
     median model.frame na.omit new pnorm qnorm qt quantile terms
    Consider adding
     importFrom("methods", "new")
     importFrom("stats", "median", "model.frame", "na.omit", "pnorm",
     "qnorm", "qt", "quantile", "terms")
    to your NAMESPACE file (and ensure that your DESCRIPTION Imports field
    contains 'methods').
Flavors: r-devel-linux-x86_64-debian-clang, r-devel-linux-x86_64-debian-gcc, r-devel-linux-x86_64-fedora-clang, r-devel-linux-x86_64-fedora-gcc, r-patched-linux-x86_64, r-patched-solaris-x86, r-release-linux-x86_64, r-release-windows-ix86+x86_64, r-release-osx-x86_64, r-oldrel-windows-ix86+x86_64, r-oldrel-osx-x86_64