Last updated on 2019-05-01 01:51:53 CEST.
Flavor | Version | Tinstall | Tcheck | Ttotal | Status | Flags |
---|---|---|---|---|---|---|
r-devel-linux-x86_64-debian-clang | 0.1.1 | 164.69 | 104.63 | 269.32 | NOTE | |
r-devel-linux-x86_64-debian-gcc | 0.1.1 | 98.67 | 82.22 | 180.89 | NOTE | |
r-devel-linux-x86_64-fedora-clang | 0.1.1 | 390.53 | NOTE | |||
r-devel-linux-x86_64-fedora-gcc | 0.1.1 | 284.10 | NOTE | |||
r-patched-linux-x86_64 | 0.1.1 | 106.07 | 103.34 | 209.41 | NOTE | |
r-patched-solaris-x86 | 0.1.1 | 301.20 | NOTE | |||
r-release-linux-x86_64 | 0.1.1 | 112.60 | 102.35 | 214.95 | NOTE | |
r-release-windows-ix86+x86_64 | 0.1.1 | 217.00 | 197.00 | 414.00 | NOTE | |
r-release-osx-x86_64 | 0.1.1 | NOTE | ||||
r-oldrel-windows-ix86+x86_64 | 0.1.1 | 214.00 | 212.00 | 426.00 | NOTE | |
r-oldrel-osx-x86_64 | 0.1.1 | NOTE |
Version: 0.1.1
Check: line endings in C/C++/Fortran sources/headers
Result: NOTE
Found the following sources/headers with CR or CRLF line endings:
inst/include/ML.h
inst/include/MLCR.h
inst/include/MLeffort.h
inst/include/MSM1S.h
inst/include/MSM23.h
inst/include/functions.h
Some Unix compilers require LF line endings.
Flavors: r-devel-linux-x86_64-debian-clang, r-devel-linux-x86_64-debian-gcc, r-devel-linux-x86_64-fedora-clang, r-devel-linux-x86_64-fedora-gcc, r-patched-linux-x86_64, r-patched-solaris-x86, r-release-linux-x86_64, r-release-windows-ix86+x86_64, r-release-osx-x86_64
Version: 0.1.1
Check: installed package size
Result: NOTE
installed size is 24.0Mb
sub-directories of 1Mb or more:
libs 23.6Mb
Flavors: r-devel-linux-x86_64-fedora-clang, r-release-windows-ix86+x86_64, r-release-osx-x86_64, r-oldrel-windows-ix86+x86_64, r-oldrel-osx-x86_64