Last updated on 2019-05-01 01:51:54 CEST.
Flavor | Version | Tinstall | Tcheck | Ttotal | Status | Flags |
---|---|---|---|---|---|---|
r-devel-linux-x86_64-debian-clang | 2.2 | 12.63 | 74.79 | 87.42 | OK | |
r-devel-linux-x86_64-debian-gcc | 2.2 | 11.72 | 59.27 | 70.99 | OK | |
r-devel-linux-x86_64-fedora-clang | 2.2 | 102.09 | NOTE | |||
r-devel-linux-x86_64-fedora-gcc | 2.2 | 101.11 | NOTE | |||
r-patched-linux-x86_64 | 2.2 | 11.24 | 74.75 | 85.99 | OK | |
r-patched-solaris-x86 | 2.2 | 152.30 | OK | |||
r-release-linux-x86_64 | 2.2 | 11.92 | 75.32 | 87.24 | OK | |
r-release-windows-ix86+x86_64 | 2.2 | 34.00 | 135.00 | 169.00 | OK | |
r-release-osx-x86_64 | 2.2 | OK | ||||
r-oldrel-windows-ix86+x86_64 | 2.2 | 26.00 | 99.00 | 125.00 | OK | |
r-oldrel-osx-x86_64 | 2.2 | OK |
Version: 2.2
Check: compiled code
Result: NOTE
File ‘MRH/libs/MRH.so’:
Found no calls to: ‘R_registerRoutines’, ‘R_useDynamicSymbols’
It is good practice to register native routines and to disable symbol
search.
See ‘Writing portable packages’ in the ‘Writing R Extensions’ manual.
Flavors: r-devel-linux-x86_64-fedora-clang, r-devel-linux-x86_64-fedora-gcc