Last updated on 2019-05-01 01:51:52 CEST.
Flavor | Version | Tinstall | Tcheck | Ttotal | Status | Flags |
---|---|---|---|---|---|---|
r-devel-linux-x86_64-debian-clang | 1.1.5 | 4.26 | 163.23 | 167.49 | OK | |
r-devel-linux-x86_64-debian-gcc | 1.1.5 | 3.25 | 126.55 | 129.80 | OK | |
r-devel-linux-x86_64-fedora-clang | 1.1.5 | 192.68 | OK | |||
r-devel-linux-x86_64-fedora-gcc | 1.1.5 | 190.17 | OK | |||
r-patched-linux-x86_64 | 1.1.5 | 4.09 | 163.81 | 167.90 | OK | |
r-patched-solaris-x86 | 1.1.5 | 3.70 | ERROR | |||
r-release-linux-x86_64 | 1.1.5 | 4.73 | 163.17 | 167.90 | OK | |
r-release-windows-ix86+x86_64 | 1.1.5 | 17.00 | 307.00 | 324.00 | OK | |
r-release-osx-x86_64 | 1.1.5 | ERROR | ||||
r-oldrel-windows-ix86+x86_64 | 1.1.5 | 11.00 | 313.00 | 324.00 | WARN | |
r-oldrel-osx-x86_64 | 1.1.5 | OK |
Version: 1.1.5
Check: package dependencies
Result: ERROR
Package required but not available: ‘metagenomeSeq’
See section ‘The DESCRIPTION file’ in the ‘Writing R Extensions’
manual.
Flavor: r-patched-solaris-x86
Version: 1.1.5
Check: package dependencies
Result: ERROR
Packages required but not available: 'metagenomeSeq', 'DESeq2', 'edgeR'
See section ‘The DESCRIPTION file’ in the ‘Writing R Extensions’
manual.
Flavor: r-release-osx-x86_64
Version: 1.1.5
Check: whether package can be installed
Result: WARN
Found the following significant warnings:
Warning: S3 methods '[.fun_list', '[.grouped_df', 'all.equal.tbl_df', 'anti_join.data.frame', 'anti_join.tbl_df', 'arrange.data.frame', 'arrange.default', 'arrange.grouped_df', 'arrange.tbl_df', 'arrange_.data.frame', 'arrange_.tbl_df', 'as.data.frame.grouped_df', 'as.data.frame.rowwise_df', 'as.data.frame.tbl_cube', 'as.table.tbl_cube', 'as.tbl.data.frame', 'as.tbl.tbl', 'as.tbl_cube.array', 'as.tbl_cube.data.frame', 'as.tbl_cube.matrix', 'as.tbl_cube.table', 'as_tibble.grouped_df', 'as_tibble.tbl_cube', 'auto_copy.tbl_cube', 'auto_copy.tbl_df', 'cbind.grouped_df', 'collapse.data.frame', 'collect.data.frame', 'common_by.NULL', 'common_by.character', 'common_by.default', 'common_by.list', 'compute.data.frame', 'copy_to.DBIConnection', 'copy_to.src_local', 'default_missing.data.frame', 'default_missing.default', 'dim.tbl_cube', 'distinct.data.frame', 'distinct.default', 'distinct.grouped_df', 'distinct.tbl_df', 'distinct_.data.frame', 'distinct_.grouped_df', 'distinct_.tbl_df', 'do.NULL', 'do.da [... truncated]
Flavor: r-oldrel-windows-ix86+x86_64