CRAN Package Check Results for Package MixGHD

Last updated on 2019-05-01 01:51:53 CEST.

Flavor Version Tinstall Tcheck Ttotal Status Flags
r-devel-linux-x86_64-debian-clang 2.3.2 17.61 93.16 110.77 NOTE
r-devel-linux-x86_64-debian-gcc 2.3.2 14.01 68.56 82.57 NOTE
r-devel-linux-x86_64-fedora-clang 2.3.2 135.39 NOTE
r-devel-linux-x86_64-fedora-gcc 2.3.2 127.62 NOTE
r-patched-linux-x86_64 2.3.2 16.69 91.69 108.38 NOTE
r-patched-solaris-x86 2.3.2 178.10 NOTE
r-release-linux-x86_64 2.3.2 17.51 90.75 108.26 NOTE
r-release-windows-ix86+x86_64 2.3.2 47.00 208.00 255.00 NOTE
r-release-osx-x86_64 2.3.2 NOTE
r-oldrel-windows-ix86+x86_64 2.3.2 46.00 157.00 203.00 NOTE
r-oldrel-osx-x86_64 2.3.2 NOTE

Check Details

Version: 2.3.2
Check: for GNU extensions in Makefiles
Result: NOTE
    GNU make is a SystemRequirements.
Flavors: r-devel-linux-x86_64-debian-clang, r-devel-linux-x86_64-debian-gcc, r-devel-linux-x86_64-fedora-clang, r-devel-linux-x86_64-fedora-gcc, r-patched-linux-x86_64, r-patched-solaris-x86, r-release-linux-x86_64, r-release-windows-ix86+x86_64, r-release-osx-x86_64, r-oldrel-windows-ix86+x86_64, r-oldrel-osx-x86_64