Last updated on 2019-05-01 01:51:54 CEST.
Flavor | Version | Tinstall | Tcheck | Ttotal | Status | Flags |
---|---|---|---|---|---|---|
r-devel-linux-x86_64-debian-clang | 0.7-3 | 29.90 | 93.08 | 122.98 | OK | |
r-devel-linux-x86_64-debian-gcc | 0.7-3 | 27.46 | 72.74 | 100.20 | OK | |
r-devel-linux-x86_64-fedora-clang | 0.7-3 | 149.90 | OK | |||
r-devel-linux-x86_64-fedora-gcc | 0.7-3 | 140.80 | OK | |||
r-patched-linux-x86_64 | 0.7-3 | 28.27 | 90.89 | 119.16 | OK | |
r-patched-solaris-x86 | 0.7-3 | 200.80 | OK | |||
r-release-linux-x86_64 | 0.7-3 | 30.97 | 90.93 | 121.90 | OK | |
r-release-windows-ix86+x86_64 | 0.7-3 | 51.00 | 115.00 | 166.00 | OK | |
r-release-osx-x86_64 | 0.7-3 | FAIL | ||||
r-oldrel-windows-ix86+x86_64 | 0.7-3 | 48.00 | 140.00 | 188.00 | OK | |
r-oldrel-osx-x86_64 | 0.7-3 | OK |
Version: 0.7-3
Check: package dependencies
Result: NOTE
Package suggested but not available for checking: ‘rhdf5’
Flavor: r-release-osx-x86_64
Version: 0.7-3
Check: dependencies in R code
Result: FAIL
Flavor: r-release-osx-x86_64