CRAN Package Check Results for Package NBAloveR

Last updated on 2019-05-01 01:51:55 CEST.

Flavor Version Tinstall Tcheck Ttotal Status Flags
r-devel-linux-x86_64-debian-clang 0.1.3.3 2.08 22.45 24.53 OK
r-devel-linux-x86_64-debian-gcc 0.1.3.3 1.97 18.56 20.53 OK
r-devel-linux-x86_64-fedora-clang 0.1.3.3 27.21 NOTE
r-devel-linux-x86_64-fedora-gcc 0.1.3.3 28.49 NOTE
r-patched-linux-x86_64 0.1.3.3 2.33 22.38 24.71 OK
r-patched-solaris-x86 0.1.3.3 44.90 NOTE
r-release-linux-x86_64 0.1.3.3 2.34 22.42 24.76 OK
r-release-windows-ix86+x86_64 0.1.3.3 7.00 46.00 53.00 OK
r-release-osx-x86_64 0.1.3.3 NOTE
r-oldrel-osx-x86_64 0.1.3.3 NOTE

Check Details

Version: 0.1.3.3
Check: data for non-ASCII characters
Result: NOTE
     Note: found 140 marked UTF-8 strings
Flavors: r-devel-linux-x86_64-fedora-clang, r-devel-linux-x86_64-fedora-gcc, r-patched-solaris-x86, r-release-osx-x86_64, r-oldrel-osx-x86_64