Last updated on 2019-05-01 01:51:55 CEST.
Flavor | Version | Tinstall | Tcheck | Ttotal | Status | Flags |
---|---|---|---|---|---|---|
r-devel-linux-x86_64-debian-clang | 0.3.1 | 62.55 | 76.65 | 139.20 | OK | |
r-devel-linux-x86_64-debian-gcc | 0.3.1 | 49.23 | 61.29 | 110.52 | OK | |
r-devel-linux-x86_64-fedora-clang | 0.3.1 | 188.64 | OK | |||
r-devel-linux-x86_64-fedora-gcc | 0.3.1 | 173.59 | OK | |||
r-patched-linux-x86_64 | 0.3.1 | 58.46 | 75.25 | 133.71 | OK | |
r-patched-solaris-x86 | 0.3.1 | 238.10 | OK | |||
r-release-linux-x86_64 | 0.3.1 | 59.33 | 75.09 | 134.42 | OK | |
r-release-windows-ix86+x86_64 | 0.3.1 | 189.00 | 133.00 | 322.00 | OK | |
r-release-osx-x86_64 | 0.3.1 | WARN | ||||
r-oldrel-windows-ix86+x86_64 | 0.3.1 | 191.00 | 183.00 | 374.00 | OK | |
r-oldrel-osx-x86_64 | 0.3.1 | OK |
Version: 0.3.1
Check: whether package can be installed
Result: WARN
Found the following significant warnings:
Warning: 'rgl_init' failed, running with rgl.useNULL = TRUE
Flavor: r-release-osx-x86_64
Version: 0.3.1
Check: Rd files
Result: WARN
prepare_Rd: RGL: unable to open X11 display
prepare_Rd: 'rgl_init' failed, running with rgl.useNULL = TRUE
Flavor: r-release-osx-x86_64