Last updated on 2019-05-01 01:51:55 CEST.
Flavor | Version | Tinstall | Tcheck | Ttotal | Status | Flags |
---|---|---|---|---|---|---|
r-devel-linux-x86_64-debian-clang | 2.2 | 8.98 | 83.97 | 92.95 | OK | |
r-devel-linux-x86_64-debian-gcc | 2.2 | 7.25 | 64.92 | 72.17 | OK | |
r-devel-linux-x86_64-fedora-clang | 2.2 | 108.01 | NOTE | |||
r-devel-linux-x86_64-fedora-gcc | 2.2 | 105.62 | OK | |||
r-patched-linux-x86_64 | 2.2 | 8.30 | 84.66 | 92.96 | OK | |
r-patched-solaris-x86 | 2.2 | 157.20 | NOTE | |||
r-release-linux-x86_64 | 2.2 | 7.93 | 84.25 | 92.18 | OK | |
r-release-windows-ix86+x86_64 | 2.2 | 21.00 | 127.00 | 148.00 | OK | |
r-release-osx-x86_64 | 2.2 | NOTE | ||||
r-oldrel-windows-ix86+x86_64 | 2.2 | 15.00 | 121.00 | 136.00 | OK | |
r-oldrel-osx-x86_64 | 2.2 | NOTE |
Version: 2.2
Check: installed package size
Result: NOTE
installed size is 5.1Mb
sub-directories of 1Mb or more:
data 4.8Mb
Flavors: r-devel-linux-x86_64-fedora-clang, r-patched-solaris-x86, r-release-osx-x86_64, r-oldrel-osx-x86_64