CRAN Package Check Results for Package PBSmodelling

Last updated on 2019-05-01 01:51:57 CEST.

Flavor Version Tinstall Tcheck Ttotal Status Flags
r-devel-linux-x86_64-debian-clang 2.68.8 20.93 94.25 115.18 OK
r-devel-linux-x86_64-debian-gcc 2.68.8 15.45 73.52 88.97 OK
r-devel-linux-x86_64-fedora-clang 2.68.8 136.03 NOTE
r-devel-linux-x86_64-fedora-gcc 2.68.8 131.44 OK
r-patched-linux-x86_64 2.68.8 19.57 94.05 113.62 OK
r-patched-solaris-x86 2.68.8 203.20 NOTE
r-release-linux-x86_64 2.68.8 18.99 95.75 114.74 OK
r-release-windows-ix86+x86_64 2.68.8 41.00 150.00 191.00 OK
r-release-osx-x86_64 2.68.8 NOTE
r-oldrel-windows-ix86+x86_64 2.68.8 35.00 94.00 129.00 OK
r-oldrel-osx-x86_64 2.68.8 NOTE

Check Details

Version: 2.68.8
Check: installed package size
Result: NOTE
     installed size is 5.2Mb
     sub-directories of 1Mb or more:
     doc 1.3Mb
     examples 1.7Mb
Flavors: r-devel-linux-x86_64-fedora-clang, r-patched-solaris-x86, r-release-osx-x86_64, r-oldrel-osx-x86_64