CRAN Package Check Results for Package PSF

Last updated on 2019-05-01 01:51:58 CEST.

Flavor Version Tinstall Tcheck Ttotal Status Flags
r-devel-linux-x86_64-debian-clang 0.4 2.40 83.54 85.94 OK
r-devel-linux-x86_64-debian-gcc 0.4 1.94 137.37 139.31 OK
r-devel-linux-x86_64-fedora-clang 0.4 73.70 NOTE
r-devel-linux-x86_64-fedora-gcc 0.4 89.27 NOTE
r-patched-linux-x86_64 0.4 2.33 94.66 96.99 OK
r-patched-solaris-x86 0.4 80.70 NOTE
r-release-linux-x86_64 0.4 2.23 98.66 100.89 OK
r-release-windows-ix86+x86_64 0.4 7.00 76.00 83.00 OK
r-release-osx-x86_64 0.4 NOTE
r-oldrel-windows-ix86+x86_64 0.4 4.00 68.00 72.00 OK
r-oldrel-osx-x86_64 0.4 NOTE

Check Details

Version: 0.4
Check: dependencies in R code
Result: NOTE
    Namespaces in Imports field not imported from:
     ‘forecast’ ‘knitr’
     All declared Imports should be used.
Flavors: r-devel-linux-x86_64-fedora-clang, r-devel-linux-x86_64-fedora-gcc, r-patched-solaris-x86, r-release-osx-x86_64, r-oldrel-osx-x86_64