CRAN Package Check Results for Package PWFSLSmoke

Last updated on 2019-05-01 01:51:58 CEST.

Flavor Version Tinstall Tcheck Ttotal Status Flags
r-devel-linux-x86_64-debian-clang 1.2.2 16.55 136.06 152.61 WARN
r-devel-linux-x86_64-debian-gcc 1.2.2 14.29 104.41 118.70 WARN
r-devel-linux-x86_64-fedora-clang 1.2.2 179.85 WARN
r-devel-linux-x86_64-fedora-gcc 1.2.2 172.23 WARN
r-patched-linux-x86_64 1.2.2 16.02 132.57 148.59 WARN
r-patched-solaris-x86 1.2.2 268.70 WARN
r-release-linux-x86_64 1.2.2 14.95 132.55 147.50 WARN
r-release-windows-ix86+x86_64 1.2.2 32.00 218.00 250.00 WARN
r-release-osx-x86_64 1.2.2 WARN
r-oldrel-windows-ix86+x86_64 1.2.2 34.00 319.00 353.00 WARN
r-oldrel-osx-x86_64 1.2.2 WARN

Check Details

Version: 1.2.2
Check: re-building of vignette outputs
Result: WARN
    Error(s) in re-building vignettes:
     ...
    --- re-building 'Data_Model.Rmd' using rmarkdown
    --- finished re-building 'Data_Model.Rmd'
    
    --- re-building 'Maps_and_Timeseries_Plots.Rmd' using rmarkdown
    Quitting from lines 126-132 (Maps_and_Timeseries_Plots.Rmd)
    Error: processing vignette 'Maps_and_Timeseries_Plots.Rmd' failed with diagnostics:
    Argument 'txt' must be a JSON string, URL or file.
    --- failed re-building 'Maps_and_Timeseries_Plots.Rmd'
    
    --- re-building 'NowCast.Rmd' using rmarkdown
    --- finished re-building 'NowCast.Rmd'
    
    --- re-building 'PWFSLSmoke.Rmd' using rmarkdown
    --- finished re-building 'PWFSLSmoke.Rmd'
    
    SUMMARY: processing the following file failed:
     'Maps_and_Timeseries_Plots.Rmd'
    
    Error: Vignette re-building failed.
    Execution halted
Flavors: r-devel-linux-x86_64-debian-clang, r-devel-linux-x86_64-debian-gcc, r-patched-linux-x86_64, r-release-linux-x86_64

Version: 1.2.2
Check: re-building of vignette outputs
Result: WARN
    Error(s) in re-building vignettes:
    --- re-building ‘Data_Model.Rmd’ using rmarkdown
    --- finished re-building ‘Data_Model.Rmd’
    
    --- re-building ‘Maps_and_Timeseries_Plots.Rmd’ using rmarkdown
    Quitting from lines 126-132 (Maps_and_Timeseries_Plots.Rmd)
    Error: processing vignette 'Maps_and_Timeseries_Plots.Rmd' failed with diagnostics:
    Argument 'txt' must be a JSON string, URL or file.
    --- failed re-building ‘Maps_and_Timeseries_Plots.Rmd’
    
    --- re-building ‘NowCast.Rmd’ using rmarkdown
    --- finished re-building ‘NowCast.Rmd’
    
    --- re-building ‘PWFSLSmoke.Rmd’ using rmarkdown
    --- finished re-building ‘PWFSLSmoke.Rmd’
    
    SUMMARY: processing the following file failed:
     ‘Maps_and_Timeseries_Plots.Rmd’
    
    Error: Vignette re-building failed.
    Execution halted
Flavors: r-devel-linux-x86_64-fedora-clang, r-devel-linux-x86_64-fedora-gcc, r-release-windows-ix86+x86_64

Version: 1.2.2
Check: re-building of vignette outputs
Result: WARN
    Error(s) in re-building vignettes:
     ...
    --- re-building ‘Data_Model.Rmd’ using rmarkdown
    Warning in engine$weave(file, quiet = quiet, encoding = enc) :
     Pandoc (>= 1.12.3) and/or pandoc-citeproc not available. Falling back to R Markdown v1.
    --- finished re-building ‘Data_Model.Rmd’
    
    --- re-building ‘Maps_and_Timeseries_Plots.Rmd’ using rmarkdown
    Warning in engine$weave(file, quiet = quiet, encoding = enc) :
     Pandoc (>= 1.12.3) and/or pandoc-citeproc not available. Falling back to R Markdown v1.
    Quitting from lines 126-132 (Maps_and_Timeseries_Plots.Rmd)
    Error: processing vignette 'Maps_and_Timeseries_Plots.Rmd' failed with diagnostics:
    Argument 'txt' must be a JSON string, URL or file.
    --- failed re-building ‘Maps_and_Timeseries_Plots.Rmd’
    
    --- re-building ‘NowCast.Rmd’ using rmarkdown
    Warning in engine$weave(file, quiet = quiet, encoding = enc) :
     Pandoc (>= 1.12.3) and/or pandoc-citeproc not available. Falling back to R Markdown v1.
    --- finished re-building ‘NowCast.Rmd’
    
    --- re-building ‘PWFSLSmoke.Rmd’ using rmarkdown
    Warning in engine$weave(file, quiet = quiet, encoding = enc) :
     Pandoc (>= 1.12.3) and/or pandoc-citeproc not available. Falling back to R Markdown v1.
    Quitting from lines 163-164 (PWFSLSmoke.Rmd)
    Error: processing vignette 'PWFSLSmoke.Rmd' failed with diagnostics:
    there is no package called 'webshot'
    --- failed re-building ‘PWFSLSmoke.Rmd’
    
    SUMMARY: processing the following files failed:
     ‘Maps_and_Timeseries_Plots.Rmd’ ‘PWFSLSmoke.Rmd’
    
    Error: Vignette re-building failed.
    Execution halted
Flavor: r-patched-solaris-x86

Version: 1.2.2
Check: re-building of vignette outputs
Result: WARN
    Error(s) in re-building vignettes:
    --- re-building ‘Data_Model.Rmd’ using rmarkdown
    Warning in engine$weave(file, quiet = quiet, encoding = enc) :
     Pandoc (>= 1.12.3) and/or pandoc-citeproc not available. Falling back to R Markdown v1.
    --- finished re-building ‘Data_Model.Rmd’
    
    --- re-building ‘Maps_and_Timeseries_Plots.Rmd’ using rmarkdown
    Warning in engine$weave(file, quiet = quiet, encoding = enc) :
     Pandoc (>= 1.12.3) and/or pandoc-citeproc not available. Falling back to R Markdown v1.
    --- finished re-building ‘Maps_and_Timeseries_Plots.Rmd’
    
    --- re-building ‘NowCast.Rmd’ using rmarkdown
    Warning in engine$weave(file, quiet = quiet, encoding = enc) :
     Pandoc (>= 1.12.3) and/or pandoc-citeproc not available. Falling back to R Markdown v1.
    --- finished re-building ‘NowCast.Rmd’
    
    --- re-building ‘PWFSLSmoke.Rmd’ using rmarkdown
    Warning in engine$weave(file, quiet = quiet, encoding = enc) :
     Pandoc (>= 1.12.3) and/or pandoc-citeproc not available. Falling back to R Markdown v1.
    Quitting from lines 163-164 (PWFSLSmoke.Rmd)
    Error: processing vignette 'PWFSLSmoke.Rmd' failed with diagnostics:
    cannot open the connection
    --- failed re-building ‘PWFSLSmoke.Rmd’
    
    SUMMARY: processing the following file failed:
     ‘PWFSLSmoke.Rmd’
    
    Error: Vignette re-building failed.
    Execution halted
Flavor: r-release-osx-x86_64

Version: 1.2.2
Check: re-building of vignette outputs
Result: WARN
    Error in re-building vignettes:
     ...
    Quitting from lines 126-132 (Maps_and_Timeseries_Plots.Rmd)
    Error: processing vignette 'Maps_and_Timeseries_Plots.Rmd' failed with diagnostics:
    Argument 'txt' must be a JSON string, URL or file.
    Execution halted
Flavor: r-oldrel-windows-ix86+x86_64

Version: 1.2.2
Check: re-building of vignette outputs
Result: WARN
    Error in re-building vignettes:
     ...
    Warning in engine$weave(file, quiet = quiet, encoding = enc) :
     Pandoc (>= 1.12.3) and/or pandoc-citeproc not available. Falling back to R Markdown v1.
    Warning in engine$weave(file, quiet = quiet, encoding = enc) :
     Pandoc (>= 1.12.3) and/or pandoc-citeproc not available. Falling back to R Markdown v1.
    Warning in engine$weave(file, quiet = quiet, encoding = enc) :
     Pandoc (>= 1.12.3) and/or pandoc-citeproc not available. Falling back to R Markdown v1.
    Warning in engine$weave(file, quiet = quiet, encoding = enc) :
     Pandoc (>= 1.12.3) and/or pandoc-citeproc not available. Falling back to R Markdown v1.
    Quitting from lines 163-164 (PWFSLSmoke.Rmd)
    Error: processing vignette 'PWFSLSmoke.Rmd' failed with diagnostics:
    cannot open the connection
    Execution halted
Flavor: r-oldrel-osx-x86_64