Last updated on 2019-05-01 01:51:56 CEST.
Flavor | Version | Tinstall | Tcheck | Ttotal | Status | Flags |
---|---|---|---|---|---|---|
r-devel-linux-x86_64-debian-clang | 1.0.0 | 6.27 | 38.48 | 44.75 | OK | |
r-devel-linux-x86_64-debian-gcc | 1.0.0 | 5.87 | 31.22 | 37.09 | OK | |
r-devel-linux-x86_64-fedora-clang | 1.0.0 | 54.21 | NOTE | |||
r-devel-linux-x86_64-fedora-gcc | 1.0.0 | 52.30 | NOTE | |||
r-patched-linux-x86_64 | 1.0.0 | 5.64 | 37.51 | 43.15 | OK | |
r-patched-solaris-x86 | 1.0.0 | 84.70 | NOTE | |||
r-release-linux-x86_64 | 1.0.0 | 6.32 | 38.06 | 44.38 | OK | |
r-release-windows-ix86+x86_64 | 1.0.0 | 16.00 | 59.00 | 75.00 | OK | |
r-release-osx-x86_64 | 1.0.0 | NOTE | ||||
r-oldrel-windows-ix86+x86_64 | 1.0.0 | 14.00 | 82.00 | 96.00 | OK | |
r-oldrel-osx-x86_64 | 1.0.0 | NOTE |
Version: 1.0.0
Check: dependencies in R code
Result: NOTE
Namespace in Imports field not imported from: ‘stats’
All declared Imports should be used.
Flavors: r-devel-linux-x86_64-fedora-clang, r-devel-linux-x86_64-fedora-gcc, r-patched-solaris-x86, r-release-osx-x86_64, r-oldrel-osx-x86_64