Last updated on 2019-05-01 01:51:57 CEST.
Flavor | Version | Tinstall | Tcheck | Ttotal | Status | Flags |
---|---|---|---|---|---|---|
r-devel-linux-x86_64-debian-clang | 0.3.4 | 6.27 | 46.28 | 52.55 | OK | |
r-devel-linux-x86_64-debian-gcc | 0.3.4 | 5.36 | 37.40 | 42.76 | OK | |
r-devel-linux-x86_64-fedora-clang | 0.3.4 | 62.58 | OK | |||
r-devel-linux-x86_64-fedora-gcc | 0.3.4 | 60.01 | OK | |||
r-patched-linux-x86_64 | 0.3.4 | 5.56 | 45.84 | 51.40 | OK | |
r-patched-solaris-x86 | 0.3.4 | 91.80 | OK | |||
r-release-linux-x86_64 | 0.3.4 | 4.84 | 45.86 | 50.70 | OK | |
r-release-windows-ix86+x86_64 | 0.3.4 | 18.00 | 64.00 | 82.00 | OK | |
r-release-osx-x86_64 | 0.3.4 | ERROR | ||||
r-oldrel-windows-ix86+x86_64 | 0.3.4 | 11.00 | 79.00 | 90.00 | OK | |
r-oldrel-osx-x86_64 | 0.3.4 | OK |
Version: 0.3.4
Check: package dependencies
Result: ERROR
Package required but not available: ‘Biobase’
See section ‘The DESCRIPTION file’ in the ‘Writing R Extensions’
manual.
Flavor: r-release-osx-x86_64