Last updated on 2019-05-01 01:51:59 CEST.
Flavor | Version | Tinstall | Tcheck | Ttotal | Status | Flags |
---|---|---|---|---|---|---|
r-devel-linux-x86_64-debian-clang | 1.0.6 | 28.86 | 219.42 | 248.28 | OK | |
r-devel-linux-x86_64-debian-gcc | 1.0.6 | 25.27 | 170.08 | 195.35 | OK | |
r-devel-linux-x86_64-fedora-clang | 1.0.6 | 2.12 | ERROR | |||
r-devel-linux-x86_64-fedora-gcc | 1.0.6 | 281.37 | NOTE | |||
r-patched-linux-x86_64 | 1.0.6 | 27.19 | 213.93 | 241.12 | OK | |
r-release-linux-x86_64 | 1.0.6 | 26.42 | 215.70 | 242.12 | OK | |
r-release-windows-ix86+x86_64 | 1.0.6 | 8.00 | 5.00 | 13.00 | ERROR | |
r-release-osx-x86_64 | 1.0.6 | ERROR | ||||
r-oldrel-windows-ix86+x86_64 | 1.0.6 | 53.00 | 273.00 | 326.00 | OK | |
r-oldrel-osx-x86_64 | 1.0.6 | ERROR |
Version: 1.0.6
Check: package dependencies
Result: ERROR
Package required but not available: ‘xcms’
See section ‘The DESCRIPTION file’ in the ‘Writing R Extensions’
manual.
Flavors: r-devel-linux-x86_64-fedora-clang, r-oldrel-osx-x86_64
Version: 1.0.6
Check: dependencies in R code
Result: NOTE
Namespaces in Imports field not imported from:
‘BiocManager’ ‘stringi’
All declared Imports should be used.
Flavor: r-devel-linux-x86_64-fedora-gcc
Version: 1.0.6
Check: whether package can be installed
Result: ERROR
Installation failed.
Flavor: r-release-windows-ix86+x86_64
Version: 1.0.6
Check: package dependencies
Result: ERROR
Packages required but not available:
'InterpretMSSpectrum', 'preprocessCore', 'xcms', 'pcaMethods'
See section ‘The DESCRIPTION file’ in the ‘Writing R Extensions’
manual.
Flavor: r-release-osx-x86_64