Last updated on 2019-05-01 01:52:00 CEST.
Flavor | Version | Tinstall | Tcheck | Ttotal | Status | Flags |
---|---|---|---|---|---|---|
r-devel-linux-x86_64-debian-clang | 0.1.0 | 30.18 | 215.07 | 245.25 | OK | |
r-devel-linux-x86_64-debian-gcc | 0.1.0 | 29.01 | 168.71 | 197.72 | OK | |
r-devel-linux-x86_64-fedora-clang | 0.1.0 | 299.65 | OK | |||
r-devel-linux-x86_64-fedora-gcc | 0.1.0 | 316.19 | OK | |||
r-patched-linux-x86_64 | 0.1.0 | 27.38 | 212.57 | 239.95 | OK | |
r-patched-solaris-x86 | 0.1.0 | 446.10 | OK | |||
r-release-linux-x86_64 | 0.1.0 | 25.84 | 211.86 | 237.70 | OK | |
r-release-windows-ix86+x86_64 | 0.1.0 | 81.00 | 302.00 | 383.00 | OK | |
r-release-osx-x86_64 | 0.1.0 | ERROR | ||||
r-oldrel-windows-ix86+x86_64 | 0.1.0 | 50.00 | 217.00 | 267.00 | OK | |
r-oldrel-osx-x86_64 | 0.1.0 | ERROR |
Version: 0.1.0
Check: package dependencies
Result: ERROR
Packages required but not available:
'aroma.affymetrix', 'aroma.core', 'GenomeGraphs', 'biomaRt'
See section ‘The DESCRIPTION file’ in the ‘Writing R Extensions’
manual.
Flavor: r-release-osx-x86_64
Version: 0.1.0
Check: package dependencies
Result: ERROR
Package required but not available: ‘GenomeGraphs’
See section ‘The DESCRIPTION file’ in the ‘Writing R Extensions’
manual.
Flavor: r-oldrel-osx-x86_64