CRAN Package Check Results for Package RI2by2

Last updated on 2019-05-01 01:52:00 CEST.

Flavor Version Tinstall Tcheck Ttotal Status Flags
r-devel-linux-x86_64-debian-clang 1.3 15.96 27.59 43.55 OK
r-devel-linux-x86_64-debian-gcc 1.3 13.18 22.98 36.16 OK
r-devel-linux-x86_64-fedora-clang 1.3 60.22 NOTE
r-devel-linux-x86_64-fedora-gcc 1.3 54.10 NOTE
r-patched-linux-x86_64 1.3 15.31 28.03 43.34 OK
r-patched-solaris-x86 1.3 77.10 OK
r-release-linux-x86_64 1.3 15.02 27.90 42.92 OK
r-release-windows-ix86+x86_64 1.3 46.00 67.00 113.00 OK
r-release-osx-x86_64 1.3 OK
r-oldrel-windows-ix86+x86_64 1.3 45.00 86.00 131.00 OK
r-oldrel-osx-x86_64 1.3 OK

Check Details

Version: 1.3
Check: compiled code
Result: NOTE
    File ‘RI2by2/libs/RI2by2.so’:
     Found no calls to: ‘R_registerRoutines’, ‘R_useDynamicSymbols’
    
    It is good practice to register native routines and to disable symbol
    search.
    
    See ‘Writing portable packages’ in the ‘Writing R Extensions’ manual.
Flavors: r-devel-linux-x86_64-fedora-clang, r-devel-linux-x86_64-fedora-gcc