Last updated on 2019-05-01 01:52:00 CEST.
Flavor | Version | Tinstall | Tcheck | Ttotal | Status | Flags |
---|---|---|---|---|---|---|
r-release-windows-ix86+x86_64 | 1.0.1 | 15.00 | 173.00 | 188.00 | OK | |
r-release-osx-x86_64 | 1.0.1 | NOTE | ||||
r-oldrel-windows-ix86+x86_64 | 1.0.1 | 10.00 | 280.00 | 290.00 | OK | |
r-oldrel-osx-x86_64 | 1.0.1 | NOTE |
Version: 1.0.1
Check: dependencies in R code
Result: NOTE
Namespaces in Imports field not imported from:
‘httr’ ‘remotes’ ‘rmarkdown’ ‘shiny’
All declared Imports should be used.
Flavors: r-release-osx-x86_64, r-oldrel-osx-x86_64
Version: 1.0.1
Check: Rd cross-references
Result: NOTE
Package unavailable to check Rd xrefs: ‘installr’
Flavors: r-release-osx-x86_64, r-oldrel-osx-x86_64